(r) = -p(r) - 5*x(r). Let c be u(-2). Let y = 131 + c. What is the units digit of y?
5
What is the hundreds digit of (-9 + 33/4)/((-1)/192)?
1
Let r = 486 - 335. Let v = r - 91. Suppose 4*z = -z + v. What is the tens digit of z?
1
Suppose -10534 = 7*b - 13*b - 2*o, -1761 = -b + 5*o. What is the tens digit of b?
5
Let i(b) = 11*b - 6. Suppose f - 25 - 3 = -5*d, 14 = 2*d - f. Suppose w + d = 3*w. What is the units digit of i(w)?
7
Let r(t) = 25*t**3 - t**2 + 5*t - 5. Let q be r(2). Let d = q + -142. What is the tens digit of d?
5
Let p = 1433 - 689. What is the hundreds digit of p?
7
Let x(z) = 3*z + 0 + 5 + 12*z + 4. What is the units digit of x(4)?
9
Suppose 165 + 127 = 2*y. Suppose -2*o + y = 4*h, -5*o - h + 136 + 193 = 0. What is the tens digit of o?
6
Let r = 1056 - 273. What is the tens digit of r?
8
Let k = 8 - 6. Suppose -4*p = -2*r + 230, 2*r + k*r - p - 481 = 0. What is the tens digit of r?
2
Let s(x) = -2*x**2 + 6*x + 6. Let r be s(7). Let d = r + 85. What is the tens digit of d?
3
Let l(r) = 2*r**3 - 9*r**2 - 3*r - 137. What is the tens digit of l(12)?
8
Let w be (0 - 2 - -941) + 1 + -4. Suppose -8*c + w = 176. What is the tens digit of c?
9
What is the tens digit of 13420/28 - 8/28?
7
Suppose 34*t - 26*t = 24. Suppose -4*p = -p - 6. Suppose 0 = -t*r - 4*d + 52, -2*r + 1 = -p*d - 15. What is the units digit of r?
2
Let p(z) = -z**2 + 10*z - 12. Let j be p(10). Suppose 3*b - 68 = -b. Let r = j + b. What is the units digit of r?
5
Let q(g) = -g + 13 - 29 + 15. What is the units digit of q(-4)?
3
Suppose 4*y + 3*g = 10324, -3*y + 2*g = -498 - 7245. What is the thousands digit of y?
2
Suppose -u + 4 = -3*t - 19, -5*u + 73 = -t. Let r = 16 - u. Suppose 5*y = r*l + 84, -y - 3*l = -7 - 3. What is the tens digit of y?
1
Let g(x) = -4552*x + 46. What is the units digit of g(-1)?
8
Let c(y) = -y - 14. Let p(j) = j + 14. Let a(r) = 5*c(r) + 6*p(r). Let n be a(-11). Suppose 6*l = n*l + 102. What is the units digit of l?
4
Let s be (6/(-16))/(3/(-24)). Suppose 3*k - 282 - s = 0. What is the tens digit of k?
9
Suppose 3*c - 3*f = 447, -69 = -4*c + 3*f + 525. Suppose 4*h + c = -153. Let y = -31 - h. What is the units digit of y?
4
Let a be 2*(28/8 - 3)*0. What is the tens digit of 2 + -3 + a + 27 + -1?
2
Let o = 10 + -6. Suppose 4*u - 26 = -o*i - 2, 0 = -2*i + 3*u + 7. What is the tens digit of ((-16)/(-6))/(i/30)?
1
Suppose 2*v + 8 = 2, 3*v = k - 3328. What is the hundreds digit of k?
3
Suppose -2*g - 16 = -o, 2*g + 0*g + 8 = 0. Suppose -j - o = -40. What is the tens digit of j?
3
Let z(v) be the third derivative of v**6/180 + v**5/20 + v**4/3 - 7*v**3/6 - 6*v**2. Let u(i) be the first derivative of z(i). What is the tens digit of u(-5)?
2
Suppose -2*a = 6, 5*b - 3*a = 36 + 563. Suppose -111 = -s + b. What is the units digit of s?
9
Let n(x) be the first derivative of -x**4/2 + x**3/3 - x**2 + 5*x + 31. What is the units digit of n(-4)?
7
Let m = -55 + 254. What is the tens digit of m?
9
Let a(z) be the third derivative of 6*z**2 + 0*z - 2/15*z**5 + 3/8*z**4 + 1/120*z**6 + 5/3*z**3 + 0. What is the tens digit of a(7)?
2
Let x be 1/(-4*3/(-36)) - -175. Let u = x - 44. What is the hundreds digit of u?
1
What is the units digit of (-36348)/(-27) - -3*(-10)/135?
6
Let h = -175 - -69. What is the units digit of (2 - h) + 4 + -3?
9
Suppose 1606*d - 4020 = 1602*d. What is the thousands digit of d?
1
Let x = 7 + 1. What is the units digit of ((-4)/x)/(2/(-408))?
2
Let a(n) = -8*n - 1. Let l be a(-1). Suppose 4*p - 23 + l = 0, 0 = -3*y + 2*p + 160. What is the tens digit of y?
5
Let u = 1960 - -463. What is the tens digit of u?
2
Suppose -6*y + 35 - 95 = 0. Let r(o) = 2*o**2 + 15*o + 6. What is the tens digit of r(y)?
5
Let c(p) = -3 + 2 + 4*p**2 + 2*p + 0*p. What is the tens digit of c(4)?
7
Suppose -5*i + 2*a + 1193 + 268 = 0, -a = -5*i + 1458. Let y = -171 + i. What is the units digit of y?
0
Let h(k) = k**2 - 11*k - 415. What is the thousands digit of h(-40)?
1
Let y(r) = 46*r - 16. Let p = -6 + 1. Let s(h) = -15*h + 5. Let d(l) = p*y(l) - 16*s(l). What is the units digit of d(3)?
0
Let r be (24/10)/(15/1150). Suppose -r = -3*q - q. Let y = 77 - q. What is the units digit of y?
1
Let d = 630 - 344. Suppose -5*h + 274 = -d. Suppose j - 22 = 5*m, -j - 4*m = 3*j - h. What is the tens digit of j?
2
Let x = -7 - -10. Let g(m) = -37*m - 143. Let c be g(-4). Suppose t - x*n = c*t - 191, 4*n - 20 = 0. What is the tens digit of t?
4
What is the hundreds digit of 751/2 - 21/(-14)?
3
Let v(u) = -6*u + 7. Let i(b) = 5*b - 6. Let k(l) = 5*i(l) + 4*v(l). Let y be k(4). Suppose 5 - y = f. What is the units digit of f?
3
Let n = -10 + 17. Suppose n = 4*c - 21. What is the units digit of c?
7
Suppose 25*j = 15*j - 210. Let s(x) = -x**3 + 5*x**2 + 2*x. Let v be s(5). Let d = v - j. What is the tens digit of d?
3
Let c = -1328 + 839. Let t = -346 - c. What is the hundreds digit of t?
1
Let q be (-196)/16*(-3 - 1). Let j = 100 - q. Suppose -3*b = -j - 75. What is the units digit of b?
2
Let z be 3/9 - 16/(-6). Suppose -3*d - 4*x = -2*d - 73, -5*d - z*x + 416 = 0. What is the tens digit of d?
8
Let h = -942 + 1165. What is the hundreds digit of h?
2
Let p = -105 - -245. What is the units digit of p?
0
Suppose 4*o - 4*w - 4396 = 0, -8*w = -4*o - 11*w + 4403. What is the units digit of o?
0
Suppose -3*c + 2*c + b = 0, -10 = 3*c + 2*b. Let f be 101 - (3 + c + 0). Suppose 4*l = -s + f, 4*s = -4*l + s + 108. What is the units digit of l?
4
Suppose 2*d - 5*y - 5113 = 0, -y = 8*d - 4*d - 10193. What is the tens digit of d?
4
Let j be 137/1 + -7 + 10. Let k = j - 78. What is the tens digit of k?
6
Suppose 3*v + 57 = -y - 2*y, 9 = -3*v. Let h = 8 + y. Let z = -3 - h. What is the units digit of z?
5
Suppose -2*s + 3*s - 24 = 0. Let i = 19 - s. Let h(j) = j**3 + 6*j**2 + 4*j + 3. What is the units digit of h(i)?
8
Let u = 504 - 329. Let q = u + -47. What is the units digit of q?
8
Suppose -9331 = -56*d + 49*d. What is the hundreds digit of d?
3
Let k(y) = 9*y**2 - 13*y**2 + 5*y**2 - 32 + 6*y. What is the tens digit of k(-16)?
2
Let q = -43 - -43. Suppose -22*c + 1786 + 1316 = q. What is the units digit of c?
1
Let t = 162 + -44. Let x be t/(-2 + 3) - -2. Suppose -4*s - 3*n + 4*n = -x, 3*n = 0. What is the tens digit of s?
3
Let u be 10/(-35) - (-46)/14. Suppose -u*i - 6*i = -459. What is the units digit of i?
1
Suppose -7*t = -16*t + 7218. What is the hundreds digit of t?
8
Let l be 9/(-2)*(13 + -43). Let w = 157 + l. What is the tens digit of w?
9
Let k = 68 + -1. Let j be (-2 - -21) + 0/(-1). Let p = k - j. What is the tens digit of p?
4
Let y = 228 + 181. What is the units digit of y?
9
Suppose 16*y + 1778 = 30*y. What is the units digit of y?
7
Let m(c) = c**2 + 10*c + 6. Let d be m(-8). Let v = -5 - d. What is the units digit of 4/((-6)/(-135)*v)?
8
Let f = 8 - -60. Suppose -f = -5*g + 137. Suppose y = g - 18. What is the units digit of y?
3
Let g = -156 + 305. Let a = g + -60. What is the units digit of a?
9
Let q(n) = 54*n - 27. Let j(a) = 18*a - 9. Let y(h) = -17*j(h) + 6*q(h). Let z be y(-10). What is the tens digit of z/28*(0 + -4)?
2
Let u(j) be the third derivative of 0*j - 1/120*j**6 + 0 - 1/6*j**3 + 6*j**2 - 5/12*j**4 + 3/20*j**5. What is the tens digit of u(7)?
2
Let d(k) = -k**3 - k - 34*k**2 + 0*k**3 + 20 + 18*k + 18*k**2. What is the units digit of d(-17)?
0
Let x be 7/2 - (-6)/(-12). Let p = x - -55. What is the units digit of p?
8
Suppose -4*w - 2*k + 190 = 0, 0 = -3*w - k + 58 + 87. Suppose -u + 3*s = -107 - w, -u - 4*s + 171 = 0. Suppose 0 = 5*z - u - 2. What is the units digit of z?
3
Suppose q = 8 - 5. Suppose -4*l = -q*l - 44. Suppose -2*z + 126 = l. What is the tens digit of z?
4
Suppose 4*u = 4*x - 352, 8 = 5*x - u - 420. What is the units digit of x?
5
Let v(u) = u + 13. Let t be v(-4). What is the units digit of 1954/16 + t/(-72)?
2
Suppose 2*w = -2*w + 16. Suppose -16 = -i + 2*k, -2*i + w*k = 2*i - 72. What is the tens digit of i?
2
Suppose 4*k + 3*a - 68 + 12 = 0, 3*a = -3*k + 42. Let t = k - -3. Let m = 6 + t. What is the units digit of m?
3
Suppose -2*o + 3 + 98 = w, -4*w = o - 40. What is the tens digit of o?
5
Let m be 1*(-26 + (2 - -2)). What is the tens digit of (-1400)/(-77) - (-4)/m?
1
Let q be (-18)/(-108) - (-37)/(-6). What is the tens di